is the hundred millions digit of 2130058840?
1
What is the hundreds digit of 3942755362?
3
What is the hundred millions digit of 256995839?
2
What is the units digit of 92316585?
5
What is the hundred millions digit of 4662834205?
6
What is the units digit of 13273409?
9
What is the ten thousands digit of 1854469378?
6
What is the hundreds digit of 33454969?
9
What is the tens digit of 3771228994?
9
What is the hundreds digit of 385914356?
3
What is the hundred thousands digit of 50156781?
1
What is the hundreds digit of 221466210?
2
What is the tens digit of 1755858281?
8
What is the units digit of 4228330902?
2
What is the tens digit of 2338956104?
0
What is the ten thousands digit of 169327539?
2
What is the hundred thousands digit of 227756227?
7
What is the hundred millions digit of 5310223639?
3
What is the hundred thousands digit of 1745091867?
0
What is the hundred thousands digit of 561231105?
2
What is the units digit of 153038060?
0
What is the hundred thousands digit of 2768273112?
2
What is the millions digit of 42315525?
2
What is the millions digit of 4093961?
4
What is the ten thousands digit of 4641855741?
5
What is the hundreds digit of 51957293?
2
What is the millions digit of 255042613?
5
What is the billions digit of 3390756960?
3
What is the ten millions digit of 58827029?
5
What is the tens digit of 920322530?
3
What is the units digit of 59549012?
2
What is the billions digit of 2774099569?
2
What is the units digit of 1692310846?
6
What is the units digit of 92691113?
3
What is the hundreds digit of 2197789130?
1
What is the tens digit of 1456540999?
9
What is the thousands digit of 1254464876?
4
What is the millions digit of 87755276?
7
What is the ten thousands digit of 707133101?
3
What is the tens digit of 3357619744?
4
What is the hundred millions digit of 332741846?
3
What is the units digit of 455252925?
5
What is the ten millions digit of 169066649?
6
What is the millions digit of 1453591557?
3
What is the millions digit of 102300586?
2
What is the hundreds digit of 519430429?
4
What is the ten thousands digit of 255272250?
7
What is the millions digit of 700098579?
0
What is the hundred millions digit of 259310822?
2
What is the hundreds digit of 1711652746?
7
What is the millions digit of 2417117028?
7
What is the hundreds digit of 103537579?
5
What is the ten thousands digit of 51772675?
7
What is the tens digit of 1162658776?
7
What is the hundreds digit of 8219718?
7
What is the billions digit of 1316591364?
1
What is the millions digit of 52601465?
2
What is the tens digit of 52047113?
1
What is the hundred millions digit of 3025129594?
0
What is the ten thousands digit of 180995211?
9
What is the tens digit of 26413829?
2
What is the tens digit of 30999031?
3
What is the hundreds digit of 56535335?
3
What is the tens digit of 54461585?
8
What is the hundred millions digit of 307809956?
3
What is the tens digit of 47338400?
0
What is the hundreds digit of 91049844?
8
What is the hundred millions digit of 384730143?
3
What is the ten millions digit of 2098194436?
9
What is the hundred thousands digit of 900980715?
9
What is the billions digit of 1032271036?
1
What is the tens digit of 564607425?
2
What is the hundreds digit of 190826559?
5
What is the units digit of 43804947?
7
What is the ten millions digit of 315618700?
1
What is the units digit of 200686504?
4
What is the units digit of 5705231653?
3
What is the hundred millions digit of 626817061?
6
What is the hundred millions digit of 1003775342?
0
What is the hundreds digit of 1155169257?
2
What is the units digit of 772313382?
2
What is the thousands digit of 8622928?
2
What is the ten thousands digit of 42806534?
0
What is the ten thousands digit of 18139056?
3
What is the thousands digit of 242337929?
7
What is the thousands digit of 1619985754?
5
What is the hundreds digit of 87400273?
2
What is the ten thousands digit of 827520824?
2
What is the units digit of 1082492085?
5
What is the hundred millions digit of 189494067?
1
What is the hundred thousands digit of 5458011430?
0
What is the hundred thousands digit of 64528353?
5
What is the millions digit of 119450058?
9
What is the hundred thousands digit of 2163275378?
2
What is the millions digit of 142142945?
2
What is the billions digit of 3863210494?
3
What is the thousands digit of 109314698?
4
What is the hundreds digit of 145187245?
2
What is the hundreds digit of 359079828?
8
What is the thousands digit of 70350066?
0
What is the hundred thousands digit of 626261335?
2
What is the hundreds digit of 2734704621?
6
What is the hundred thousands digit of 34426473?
4
What is the millions digit of 21497974?
1
What is the ten thousands digit of 191572736?
7
What is the hundred millions digit of 1077493854?
0
What is the ten millions digit of 31686781?
3
What is the millions digit of 124328245?
4
What is the hundreds digit of 29662618?
6
What is the tens digit of 1033979664?
6
What is the units digit of 46322626?
6
What is the millions digit of 22958866?
2
What is the tens digit of 281617612?
1
What is the billions digit of 2164738070?
2
What is the units digit of 51868806?
6
What is the hundreds digit of 362751724?
7
What is the hundreds digit of 67107911?
9
What is the ten thousands digit of 437958208?
5
What is the tens digit of 559731053?
5
What is the ten thousands digit of 39152359?
5
What is the units digit of 239986083?
3
What is the tens digit of 9655754?
5
What is the hundreds digit of 6253723410?
4
What is the thousands digit of 1596738?
6
What is the thousands digit of 1098873181?
3
What is the hundred thousands digit of 29764465?
7
What is the thousands digit of 572099404?
9
What is the millions digit of 188868377?
8
What is the ten thousands digit of 796921592?
2
What is the thousands digit of 718982559?
2
What is the millions digit of 29939044?
9
What is the hundred thousands digit of 11552574?
5
What is the hundred thousands digit of 1960380537?
3
What is the hundreds digit of 401011121?
1
What is the hundred thousands digit of 680489904?
4
What is the ten thousands digit of 185631955?
3
What is the thousands digit of 102470481?
0
What is the thousands digit of 55273048?
3
What is the thousands digit of 1078696694?
6
What is the ten thousands digit of 58254358?
5
What is the hundreds digit of 785599465?
4
What is the tens digit of 386145583?
8
What is the ten thousands digit of 185497466?
9
What is the hundreds digit of 319559692?
6
What is the thousands digit of 1568929467?
9
What is the millions digit of 2054271753?
4
What is the ten millions digit of 1774356910?
7
What is the tens digit of 2264257549?
4
What is the ten thousands digit of 1206959776?
5
What is the thousands digit of 129432228?
2
What is the units digit of 2106314644?
4
What is the ten millions digit of 61702560?
6
What is the thousands digit of 7820293?
0
What is the tens digit of 785942002?
0
What is the ten thousands digit of 84909443?
0
What is the tens digit of 43239886?
8
What is the tens digit of 49834336?
3
What is the millions digit of 45650750?
5
What is the ten millions digit of 69669698?
6
What is the hundred thousands digit of 104829209?
8
What is the millions digit of 1366754240?
6
What is the hundred millions digit of 1123946379?
1
What is the units digit of 422383825?
5
What is the thousands digit of 88294556?
4
What is the thousands digit of 120646279?
6
What is the tens digit of 62069048?
4
What is the billions digit of 2610477424?
2
What is the ten millions digit of 227875739?
2
What is the tens digit of 38720345?
4
What is the millions digit of 19077565?
9
What is the hundreds digit of 1239185816?
8
What is the thousands digit of 493856007?
6
What is the hundred thousands digit of 1221856000?
8
What is the ten thousands digit of 106729139?
2
What is the billions digit of 2945293487?
2
What is the hundreds digit of 1386072511?
5
What is the hundreds digit of 598962281?
2
What is the ten millions digit of 13849630?
1
What is the hundred thousands digit of 3200782235?
7
What is the ten thousands digit of 102696523?
9
What is the ten thousands digit of 3421515157?
1
What is the hundred thousands digit of 83128063?
1
What is the hundreds digit of 1136777455?
4
What is the millions digit of 56